 the remainder when 207 is divided by 110.
97
Calculate the remainder when 2255 is divided by 77.
22
Calculate the remainder when 48 is divided by 10.
8
Calculate the remainder when 392 is divided by 187.
18
What is the remainder when 1511 is divided by 12?
11
What is the remainder when 491 is divided by 82?
81
What is the remainder when 4975 is divided by 38?
35
Calculate the remainder when 63 is divided by 59.
4
What is the remainder when 85 is divided by 4?
1
What is the remainder when 4167 is divided by 3?
0
Calculate the remainder when 1822 is divided by 22.
18
Calculate the remainder when 50 is divided by 38.
12
What is the remainder when 4101 is divided by 18?
15
What is the remainder when 324 is divided by 107?
3
What is the remainder when 432 is divided by 202?
28
Calculate the remainder when 115 is divided by 35.
10
Calculate the remainder when 6775 is divided by 15.
10
Calculate the remainder when 296 is divided by 133.
30
What is the remainder when 1595 is divided by 40?
35
What is the remainder when 486 is divided by 45?
36
Calculate the remainder when 231 is divided by 63.
42
What is the remainder when 572 is divided by 136?
28
Calculate the remainder when 5507 is divided by 8.
3
Calculate the remainder when 586 is divided by 431.
155
What is the remainder when 18 is divided by 10?
8
Calculate the remainder when 306 is divided by 153.
0
What is the remainder when 5393 is divided by 115?
103
What is the remainder when 1752 is divided by 73?
0
Calculate the remainder when 656 is divided by 22.
18
What is the remainder when 719 is divided by 10?
9
What is the remainder when 120 is divided by 83?
37
What is the remainder when 175 is divided by 44?
43
What is the remainder when 389 is divided by 39?
38
Calculate the remainder when 504 is divided by 51.
45
Calculate the remainder when 888 is divided by 2.
0
Calculate the remainder when 15 is divided by 13.
2
Calculate the remainder when 1808 is divided by 361.
3
What is the remainder when 115 is divided by 107?
8
What is the remainder when 2888 is divided by 6?
2
What is the remainder when 858 is divided by 279?
21
Calculate the remainder when 133 is divided by 71.
62
What is the remainder when 288 is divided by 45?
18
What is the remainder when 154 is divided by 44?
22
Calculate the remainder when 10227 is divided by 10.
7
Calculate the remainder when 281 is divided by 19.
15
Calculate the remainder when 772 is divided by 252.
16
Calculate the remainder when 302 is divided by 38.
36
Calculate the remainder when 421 is divided by 50.
21
What is the remainder when 55 is divided by 51?
4
Calculate the remainder when 163 is divided by 60.
43
What is the remainder when 2108 is divided by 24?
20
Calculate the remainder when 245 is divided by 50.
45
Calculate the remainder when 7111 is divided by 3550.
11
Calculate the remainder when 302 is divided by 98.
8
What is the remainder when 2040 is divided by 27?
15
Calculate the remainder when 248 is divided by 18.
14
What is the remainder when 363 is divided by 26?
25
Calculate the remainder when 139 is divided by 14.
13
What is the remainder when 283 is divided by 135?
13
Calculate the remainder when 560 is divided by 270.
20
Calculate the remainder when 104 is divided by 43.
18
What is the remainder when 1703 is divided by 28?
23
What is the remainder when 37 is divided by 15?
7
What is the remainder when 94 is divided by 17?
9
Calculate the remainder when 175 is divided by 44.
43
Calculate the remainder when 1921 is divided by 74.
71
What is the remainder when 94 is divided by 37?
20
What is the remainder when 125 is divided by 39?
8
Calculate the remainder when 61 is divided by 48.
13
Calculate the remainder when 507 is divided by 17.
14
What is the remainder when 761 is divided by 191?
188
Calculate the remainder when 46 is divided by 41.
5
What is the remainder when 686 is divided by 226?
8
Calculate the remainder when 105 is divided by 53.
52
What is the remainder when 5149 is divided by 92?
89
Calculate the remainder when 143 is divided by 3.
2
What is the remainder when 1163 is divided by 49?
36
What is the remainder when 2206 is divided by 129?
13
What is the remainder when 2967 is divided by 110?
107
What is the remainder when 379 is divided by 38?
37
What is the remainder when 1320 is divided by 189?
186
What is the remainder when 615 is divided by 104?
95
What is the remainder when 317 is divided by 108?
101
Calculate the remainder when 3068 is divided by 45.
8
What is the remainder when 299 is divided by 3?
2
What is the remainder when 116 is divided by 14?
4
What is the remainder when 3069 is divided by 24?
21
Calculate the remainder when 166 is divided by 36.
22
What is the remainder when 389 is divided by 131?
127
What is the remainder when 6909 is divided by 72?
69
What is the remainder when 97951 is divided by 43?
40
What is the remainder when 62 is divided by 35?
27
Calculate the remainder when 11 is divided by 10.
1
What is the remainder when 1387 is divided by 156?
139
What is the remainder when 1589 is divided by 316?
9
What is the remainder when 3238 is divided by 203?
193
Calculate the remainder when 248 is divided by 63.
59
Calculate the remainder when 9258 is divided by 49.
46
Calculate the remainder when 743 is divided by 16.
7
Calculate the remainder when 379 is divided by 20.
19
What is the remainder when 82 is divided by 78?
4
Calculate the remainder when 526 is divided by 8.
6
What is the remainder when 1845 is divided by 132?
129
Calculate the remainder when 181 is divided by 15.
1
What is the remainder when 32974 is divided by 7?
4
Calculate the remainder when 28 is divided by 10.
8
What is the remainder when 707 is divided by 142?
139
Calculate the remainder when 139 is divided by 16.
11
What is the remainder when 120 is divided by 61?
59
Calculate the remainder when 382 is divided by 60.
22
What is the remainder when 230 is divided by 21?
20
Calculate the remainder when 144 is divided by 67.
10
What is the remainder when 236 is divided by 48?
44
Calculate the remainder when 162 is divided by 39.
6
What is the remainder when 125 is divided by 35?
20
What is the remainder when 69 is divided by 18?
15
Calculate the remainder when 326 is divided by 56.
46
What is the remainder when 414 is divided by 77?
29
What is the remainder when 908 is divided by 13?
11
Calculate the remainder when 62 is divided by 34.
28
Calculate the remainder when 302 is divided by 52.
42
What is the remainder when 197 is divided by 68?
61
Calculate the remainder when 455 is divided by 213.
29
Calculate the remainder when 119 is divided by 62.
57
Calculate the remainder when 231 is divided by 59.
54
What is the remainder when 72 is divided by 15?
12
What is the remainder when 666 is divided by 654?
12
Calculate the remainder when 102 is divided by 9.
3
What is the remainder when 80 is divided by 21?
17
What is the remainder when 476 is divided by 26?
8
What is the remainder when 2367 is divided by 108?
99
Calculate the remainder when 528 is divided by 489.
39
Calculate the remainder when 1097 is divided by 18.
17
Calculate the remainder when 1697 is divided by 48.
17
Calculate the remainder when 631 is divided by 22.
15
Calculate the remainder when 318 is divided by 68.
46
What is the remainder when 204 is divided by 54?
42
Calculate the remainder when 118 is divided by 18.
10
Calculate the remainder when 8445 is divided by 132.
129
What is the remainder when 127 is divided by 19?
13
What is the remainder when 9967 is divided by 95?
87
Calculate the remainder when 13035 is divided by 6.
3
What is the remainder when 71 is divided by 15?
11
Calculate the remainder when 3395 is divided by 565.
5
Calculate the remainder when 1859 is divided by 98.
95
What is the remainder when 3669 is divided by 34?
31
Calculate the remainder when 356 is divided by 127.
102
What is the remainder when 309 is divided by 45?
39
Calculate the remainder when 228 is divided by 50.
28
What is the remainder when 1893 is divided by 95?
88
Calculate the remainder when 3148 is divided by 284.
24
What is the remainder when 78 is divided by 15?
3
What is the remainder when 1319 is divided by 24?
23
What is the remainder when 2982 is divided by 61?
54
Calculate the remai